(k)?
5
Let g(o) = -10*o**2 + o + 1. Let a(y) = -y**2 + 3*y + 17. Let m be a(6). Determine g(m).
-10
Let r(j) = -2*j - 17. Let i be r(-10). Let m(v) = -2*v + 2. Give m(i).
-4
Let p(c) = 9 + 4*c - c**2 - 7 - c**3 - 5*c. Determine p(2).
-12
Let m(v) = 8*v**2 + 2*v + 1. Let s(y) = -3 + y**2 - 2*y - 3 - 3*y - 1. Let p be s(6). Determine m(p).
7
Let z(f) be the third derivative of 1/30*f**5 + 0 - 1/24*f**4 - 4*f**2 - 1/3*f**3 + 0*f. Give z(2).
4
Let o = 2 - 1. Let h = 10 - 10. Suppose h = 4*b - c - o, -b + 3*b + c + 1 = 0. Let r(q) = -q**3 + q**2 - q + 2. Determine r(b).
2
Let c(d) = -d + 4. Let f be c(3). Let n(z) = 4*z + f + 1 + 0 + 0. Give n(2).
10
Let f(b) be the third derivative of 1/120*b**6 + b**2 + 0*b - 2/3*b**3 + 1/8*b**4 + 0 + 1/15*b**5. Let h be f(-3). Let d(a) = a + 9. What is d(h)?
5
Let c(h) = h**3 + h**2 - h. Let r = 7 + -6. Let f be c(r). Let m(v) = -1 + v**2 - 3*v - f - 3. Determine m(5).
5
Let y(i) = -i - 1. Let c be 2/(-1) + (-5 - -7). Determine y(c).
-1
Let h be 4*1/(4/(-6)). Let i(z) = z**3 + 7*z**2 + 4*z - 7. Determine i(h).
5
Let c(p) = p**3 + 4*p**2 + 2*p - 4. Let y(z) = z**2 + 9*z + 14. Let k be y(-6). Calculate c(k).
-12
Let a(v) = -10*v**2 + v. Let u = 5 + -3. Let o(w) = -w**u + 0 - 2*w + 4 + 0*w**2. Let h be o(-3). Calculate a(h).
-9
Suppose -k + 4*k - 6 = 0. Let n(h) = -5 + h**k + 0*h**2 - 1 + 3. Determine n(3).
6
Let j(k) = 4*k + 2. Let s = 3 - 3. Let g = s + -1. Let u be -1 + 1*2*g. Calculate j(u).
-10
Let n(r) = 14*r - 1. Let q(a) = a + 1. Let l be q(-5). Let b(v) = -29*v + 2. Let f(d) = l*b(d) - 9*n(d). Let y = 3 - 4. Calculate f(y).
11
Let x = -24 + 29. Let f(k) = -k**3 + 4*k**2 + 7*k - 5. Calculate f(x).
5
Let w = -7 - -14. Let r = w - 11. Let f(a) = a**3 + 5*a**2 + 3*a + 4. Determine f(r).
8
Let i(o) = 1 - 4 - 7*o + 6*o. Let w(n) = -n**2 - 7*n + 4. Let x be w(-8). What is i(x)?
1
Let r(n) = n**2 - n - 5. Let a(q) = 9*q + 7*q**2 + 0*q**3 + 2*q**2 + q**3 + 12. Suppose -2*c + 3*d = 19, 10*d = -c + 5*d - 3. Let u be a(c). What is r(u)?
7
Let b(d) = -d**3 + 4. Suppose 0 = l - 2*l. Give b(l).
4
Let y(r) = -r**3 + 4*r**2 - 3*r. Let o be y(2). Suppose -o*g = -4*g + 6. Let d be g/9 - (-11)/3. Let a(k) = k**2 - 2*k - 5. What is a(d)?
3
Let a(l) = l + 4. Let b(h) = -1. Let w(t) = 2*a(t) + 7*b(t). Suppose -6*v = -v. Suppose -u + 2 = -v*u. Determine w(u).
5
Suppose 0 = -4*t - 5*x - 5, 4*x = 4*t + 6*x - 10. Suppose 3*b + 5 = -0*i - 5*i, -t*i - 40 = -4*b. Let y(w) = b*w**2 + w - 1 - w**3 - 2 - 3*w. Calculate y(3).
9
Let a be 4/(12/(-9)) - -9. Let f = 4 - a. Let h(b) be the third derivative of -b**5/60 + b**4/8 + b**3/3 - 2*b**2. Calculate h(f).
-8
Let l be (-5)/5 + 0/1. Let m = l + 5. Let w(n) = 6 - 4*n - m + n**2 + 3*n. What is w(2)?
4
Let y(q) = -q**2 - q - 1. Let f(m) = -2*m**2 - 8*m - 4. Let i(x) = f(x) - 3*y(x). Let j(v) = -v**3 - 2*v**2 - v + 1. Let w be j(-2). Calculate i(w).
-7
Let b = -1 - -1. Let y = 2 - b. Let n(u) = 37*u**2 - 75*u**2 - u + 0*u + 39*u**2. Determine n(y).
2
Let d(c) = -3*c**2 - 2*c - 1. Let x = -21 + 36. Suppose 2*r = f - 12 + 4, 5*f - 5*r = x. Give d(f).
-9
Let q be 2*1/(-4)*-7. Let k(y) be the first derivative of 5*y + 1/3*y**3 - 1 - q*y**2. Calculate k(4).
-7
Let h(g) be the third derivative of g**6/120 - g**5/10 + g**4/6 - g**3/6 + 3*g**2. Let k = -19 + 24. Calculate h(k).
-6
Let g(s) = s**2 - 2*s - 5. Let f be g(5). Let w(x) = 5*x - 4*x**2 + f*x**2 - 7 + x**3 - 2*x. Let m be 14/8*(-1 - 3) - -2. What is w(m)?
3
Let m(i) = -9*i + 3. Let r(h) = 5*h - 2. Let l(p) = -4*m(p) - 7*r(p). Let n be l(3). Let d(q) be the first derivative of -q**2 + 6*q + 7. Calculate d(n).
-4
Let i be (-2)/7 + (-198)/42. Let c be (-2)/i - (-16)/10. Let n(k) = -k**2 + 2*k - 2. What is n(c)?
-2
Suppose l + 25 = -4*l - 5*j, 0 = 5*l + 4*j + 26. Let r(x) = -2*x - 4*x - x**2 - x - 5. Determine r(l).
1
Let x(q) = -q - 5. Let t be 208/(-36) - (-6)/(-27). Give x(t).
1
Let j(w) = -6 - 7 + 18 - 7 - w. What is j(5)?
-7
Let x(j) be the second derivative of -j - 1/2*j**2 - 1/20*j**5 + 0 + 1/4*j**4 + 0*j**3. Let f = -6 + 8. Calculate x(f).
3
Let l be (-10)/(-1 - 1) + -2. Let b(m) = 1 + 7*m - 2*m**l - 7*m. Give b(1).
-1
Let w(y) = -y**2 + y + 5. Let o be w(0). Let x = o + -3. Let t(u) = -u**3 + u**2 - 4. Let z(r) = r**2 + 1. Let c(s) = t(s) + 2*z(s). Determine c(x).
2
Let a(i) = 5*i - 3. Let u(v) = -26*v - 2. Let g be u(-2). Suppose -4*z + g = -5*f, -2*z = -f - 17 + 1. Let h = f + 8. Give a(h).
7
Suppose -3*g = -4*g - 3*j - 3, 2*g = 4*j + 14. Suppose -g*c + 5*c = -6. Let h(o) = -o. What is h(c)?
3
Let j(m) = 11*m - 1. Let k = -5 - -5. Suppose k*y + 3*y = -3. Give j(y).
-12
Let z(p) = 2*p + 6. Suppose -2*i = -3*w + 13, i + 9 = 2*w - 0*i. What is z(w)?
16
Suppose b + b - 2 = x, 2*b + 2*x - 14 = 0. Let g(j) = 3*j + 3 - b*j + 3*j - 4*j. Determine g(3).
0
Let p(m) be the third derivative of -m**6/120 - m**5/10 - 5*m**4/24 - m**3/6 - m**2. Let g(n) = n**2 + n - 4. Let v be g(-3). Let t = -7 + v. What is p(t)?
-1
Let y be -14 + -1*(-1 - -2). Let c = -12 - y. Let f(v) be the third derivative of -v**4/8 - v**3/3 + v**2. What is f(c)?
-11
Let z(x) = -4*x. Suppose -2*b = r + 13 - 4, b = -2*r - 9. Let y be b - -2 - 4/(-2). Give z(y).
-4
Let c(p) = -p**3 - 3*p**2 + 5*p + 5. Suppose -5*m + 1 + 9 = 0. Let h = m - -3. Suppose -4*u = h*g + 36, -13 = 5*u + 7. Determine c(g).
1
Let q(x) be the second derivative of -x**3/3 - 3*x**2/2 + 2*x. Let v(m) = -m**3 + 5*m**2 - 2*m - 5. Let r be v(4). Let a be r/((-1)/(-2)*-2). Give q(a).
3
Let o(k) be the second derivative of -k**3 - k. Let l be (-6)/(-12) + (-1)/(-2). Calculate o(l).
-6
Let n(z) = 19*z**3 - 5*z**2 + 4*z - 9. Let t(m) = -5*m**3 + m**2 - m + 2. Let p(o) = 2*n(o) + 9*t(o). Let c = -141 - -140. Calculate p(c).
7
Suppose 0 = -2*l + 7 - 1. Let p(r) = -2*r. Let f(g) = -13*g - 1. Let n(s) = 2*f(s) - 14*p(s). Let a(t) = 3*t - 5. Let j(d) = l*a(d) - 5*n(d). Give j(-4).
-1
Let f(p) = -3 + p**2 + 4 + p + 0. Let z be (2/(-4))/(5/10). What is f(z)?
1
Let g(l) = -2 + l - 7*l + 5*l + 6. Determine g(3).
1
Suppose -b - 6 = -0*x - x, -2*b - 3*x = 7. Let p(z) = z**2 + 6*z + 6. Determine p(b).
1
Let j(s) = 2*s**2 - 7. Let x be j(0). Let g(r) = r**2 + 7*r - 4. What is g(x)?
-4
Let b(f) be the third derivative of -f**4/24 - f**3/2 - 11*f**2. Give b(-7).
4
Let k be 9*((-2)/(-3) - 1). Let p(t) = -2*t - 1. Determine p(k).
5
Suppose -17*s = -7*s + 20. Let g(q) be the second derivative of -q**4/6 - q**3/6 + q**2/2 + 2*q. Calculate g(s).
-5
Let y(o) = -o**3 - 7*o**2 - 7*o - 5. Let p be y(-6). Suppose z + p + 2 = 0. Let w(r) be the first derivative of r**4/4 + r**3 + 3*r**2/2 + 4*r - 1. Give w(z).
-5
Let f = -22 - -23. Let q be -9 + f + (2 - 0). Let n(g) = -g - 8. Give n(q).
-2
Let p(f) = -f + 6. Suppose -i - 3 = -2*k, -5*i - 3 = k + 12. Suppose k = -5*d + 11 + 29. What is p(d)?
-2
Let j be 1 + (-1 + 0)*-3. Let b(d) = d**3 - 4*d**2 + 2*d - 5. Let w be b(j). Let k(s) = -s + s**2 - 3*s - 1 + 3. What is k(w)?
-1
Let j = -16 - 0. Suppose d + 2*d = -15. Let n(k) = 2*k - 5. Let v(x) = -6*x + 16. Let q(p) = d*v(p) + j*n(p). Calculate q(-3).
6
Suppose 4*b = 5*b + 2. Let j(x) = 2 - 2*x - 2*x**2 + 0*x**2 + x**2. Determine j(b).
2
Let k(i) = -i**3 + i**2. Suppose 2*r - 4 + 6 = 0. Calculate k(r).
2
Let k = 10 - 9. Let n(a) = -a**2 - a + 1. Let j(w) = 2*w**2 + 9*w - 6. Let i(u) = k*j(u) + 4*n(u). What is i(3)?
-5
Let d(r) = -6*r - 3. Let n = 5 + -7. Give d(n).
9
Suppose -3*d + 0 = 6. Let c = d - -7. Suppose -4*b + 3 + c = 0. Let s(n) = 3*n + 2. What is s(b)?
8
Let x be 3 + -2 + (-9)/3. Let k be (-5)/10 - (-5)/x. Let a(y) = 2*y. Give a(k).
-6
Suppose -5*v - 6 + 61 = 0. Suppose v = 3*d - 2*y, -d + 2*y + 5 = y. Let i(p) = -p + 1. Let k(t) = -18*t + 12. Let o(h) = d*k(h) - 12*i(h). Calculate o(1).
-6
Let y be (-2)/(-3) - 10/(-3). Suppose -3*c + c = y. Let q(g) = 2*g**2 + 9*g + 7. Let v(a) = a**2 + 4*a + 3. Let n(i) = 6*q(i) - 14*v(i). Determine n(c).
-4
Let h(o) = 5*o**2 + 5*o - 4. Let p be h(1). Let q(s) = s**3 - 6*s**2 + s + 1. Give q(p).
7
Let m = 0 + 3. Let b(i) be the first derivative of -5*i**2 - i**2 + 2 + m*i**2. Calculate b(-1).
6
Suppose -3*o - 2 + 8 = 0. Let l(w) = -5 + 1 - w**o - 4*w - 4*w + 2*w. Determine l(-6).
-4
Suppose 19 = 3*o - 11. Let z be (o/(-1))/((-4)/2). Let b(a) = 2*a + a - z*a. Calculate b(-1).
2
Let a = -6 - -9. Sup